{"id":1425,"date":"2024-05-20T07:58:21","date_gmt":"2024-05-20T07:58:21","guid":{"rendered":"https:\/\/gramentheme.com\/wp\/kidsa\/?page_id=1425"},"modified":"2025-05-30T17:55:33","modified_gmt":"2025-05-30T14:55:33","slug":"dmd-nedir","status":"publish","type":"page","link":"https:\/\/www.cafereumutol.com\/?page_id=1425","title":{"rendered":"DMD Nedir?"},"content":{"rendered":"\t\t<div data-elementor-type=\"wp-page\" data-elementor-id=\"1425\" class=\"elementor elementor-1425\">\n\t\t\t\t<div class=\"elementor-element elementor-element-57f7b17 e-flex e-con-boxed e-con e-parent\" data-id=\"57f7b17\" data-element_type=\"container\" data-e-type=\"container\">\n\t\t\t\t\t<div class=\"e-con-inner\">\n\t\t<div class=\"elementor-element elementor-element-fa7da80 e-con-full e-flex e-con e-child\" data-id=\"fa7da80\" data-element_type=\"container\" data-e-type=\"container\">\n\t\t\t\t<div class=\"elementor-element elementor-element-6e59067 elementor-widget elementor-widget-heading\" data-id=\"6e59067\" data-element_type=\"widget\" data-e-type=\"widget\" data-widget_type=\"heading.default\">\n\t\t\t\t<div class=\"elementor-widget-container\">\n\t\t\t\t\t<span class=\"elementor-heading-title elementor-size-default\">Duchenne M\u00fcsk\u00fcler Distrofi<\/span>\t\t\t\t<\/div>\n\t\t\t\t<\/div>\n\t\t\t\t<div class=\"elementor-element elementor-element-1f1c611 elementor-widget elementor-widget-heading\" data-id=\"1f1c611\" data-element_type=\"widget\" data-e-type=\"widget\" data-widget_type=\"heading.default\">\n\t\t\t\t<div class=\"elementor-widget-container\">\n\t\t\t\t\t<h2 class=\"elementor-heading-title elementor-size-default\">DMD Kas Hastal\u0131\u011f\u0131 Nedir?<\/h2>\t\t\t\t<\/div>\n\t\t\t\t<\/div>\n\t\t\t\t<div class=\"elementor-element elementor-element-8e3f4bf elementor-widget elementor-widget-text-editor\" data-id=\"8e3f4bf\" data-element_type=\"widget\" data-e-type=\"widget\" data-widget_type=\"text-editor.default\">\n\t\t\t\t<div class=\"elementor-widget-container\">\n\t\t\t\t\t\t\t\t\t<p data-start=\"305\" data-end=\"572\">Duchenne M\u00fcsk\u00fcler Distrofi (DMD), \u00e7ocuklukta ba\u015flayan ve ilerleyici kas zay\u0131fl\u0131\u011f\u0131na yol a\u00e7an <strong data-start=\"398\" data-end=\"430\">genetik bir kas hastal\u0131\u011f\u0131d\u0131r<\/strong>. Bu hastal\u0131k, kaslar\u0131n sa\u011fl\u0131kl\u0131 \u00e7al\u0131\u015fmas\u0131n\u0131 sa\u011flayan <strong data-start=\"484\" data-end=\"497\">distrofin<\/strong> adl\u0131 bir proteinin v\u00fccutta yeterli d\u00fczeyde \u00fcretilememesi nedeniyle olu\u015fur.<\/p><p>\u00a0<\/p><p data-start=\"574\" data-end=\"1016\">DMD genellikle <strong data-start=\"589\" data-end=\"609\">erkek \u00e7ocuklarda<\/strong> g\u00f6r\u00fcl\u00fcr ve semptomlar genellikle <strong data-start=\"643\" data-end=\"667\">2 ila 6 ya\u015f aras\u0131nda<\/strong> ba\u015flar. Kaslardaki g\u00fc\u00e7 kayb\u0131 zamanla artar; \u00e7ocuklar <strong data-start=\"721\" data-end=\"771\">y\u00fcr\u00fcme, merdiven \u00e7\u0131kma, ko\u015fma gibi hareketleri<\/strong> yapmakta zorlanmaya ba\u015flar.<br \/><br data-start=\"799\" data-end=\"802\" \/>Ne yaz\u0131k ki tedavi edilmezse, hastalar genellikle <strong data-start=\"852\" data-end=\"895\">10 ya\u015f\u0131ndan sonra tekerlekli sandalyeye<\/strong> ihtiya\u00e7 duyar ve ilerleyen ya\u015flarda <strong data-start=\"932\" data-end=\"974\">kalp ve solunum kaslar\u0131n\u0131n etkilenmesi<\/strong> ile ciddi sa\u011fl\u0131k problemleri ya\u015fanabilir.<\/p><p data-start=\"574\" data-end=\"1016\">\u00a0<\/p><p data-start=\"1517\" data-end=\"1738\">DMD ile ya\u015famak yaln\u0131zca fiziksel de\u011fil, <strong data-start=\"1558\" data-end=\"1580\">duygusal ve sosyal<\/strong> olarak da destek gerektirir. Erken tan\u0131, d\u00fczenli fizik tedavi, uygun t\u0131bbi takip ve toplumsal fark\u0131ndal\u0131k, bu hastal\u0131kla m\u00fccadelede \u00e7ok \u00f6nemli bir yer tutar. Cafer gibi binlerce \u00e7ocuk i\u00e7in at\u0131lan her ad\u0131m, onlar\u0131n daha ba\u011f\u0131ms\u0131z ve sa\u011fl\u0131kl\u0131 bir ya\u015fam s\u00fcrmesi i\u00e7in hayati \u00f6neme sahiptir.<\/p>\t\t\t\t\t\t\t\t<\/div>\n\t\t\t\t<\/div>\n\t\t\t\t<div class=\"elementor-element elementor-element-f4769c5 elementor-hidden-tablet elementor-hidden-mobile elementor-widget-divider--view-line elementor-widget elementor-widget-divider\" data-id=\"f4769c5\" data-element_type=\"widget\" data-e-type=\"widget\" data-widget_type=\"divider.default\">\n\t\t\t\t<div class=\"elementor-widget-container\">\n\t\t\t\t\t\t\t<div class=\"elementor-divider\">\n\t\t\t<span class=\"elementor-divider-separator\">\n\t\t\t\t\t\t<\/span>\n\t\t<\/div>\n\t\t\t\t\t\t<\/div>\n\t\t\t\t<\/div>\n\t\t\t\t<\/div>\n\t\t\t\t<div class=\"elementor-element elementor-element-43b2570 elementor-widget elementor-widget-heading\" data-id=\"43b2570\" data-element_type=\"widget\" data-e-type=\"widget\" data-widget_type=\"heading.default\">\n\t\t\t\t<div class=\"elementor-widget-container\">\n\t\t\t\t\t<h2 class=\"elementor-heading-title elementor-size-default\">S\u0131k\u00e7a Sorulan Sorular<\/h2>\t\t\t\t<\/div>\n\t\t\t\t<\/div>\n\t\t\t\t<div class=\"elementor-element elementor-element-1ccec24 elementor-widget elementor-widget-kidsa-faq-with-image-widget\" data-id=\"1ccec24\" data-element_type=\"widget\" data-e-type=\"widget\" data-widget_type=\"kidsa-faq-with-image-widget.default\">\n\t\t\t\t<div class=\"elementor-widget-container\">\n\t\t\t\t\t\r\n\r\n\t <script>\r\n jQuery(document).ready(function($) {\r\n\r\n\/\/ js code start\r\n\r\n\r\n\r\n\r\n\/\/ js code end \r\n\r\n  });\r\n<\/script>\r\n\r\n<div class=\"faq-content style-3\">\r\n  <div class=\"faq-accordion\">\r\n  \t<div class=\"accordion\" id=\"accordionExample-st-2subtitlefaq-889504543\">\r\n\t\t<div class=\"bd-faq-group\">\r\n\t\t\t\t\t<div class=\"accordion-item mb-3\">\r\n\t\t\t<h5 class=\"accordion-header\" id=\"heading8373879-st-2\">\r\n\t\t\t\t<button class=\"accordion-button \" type=\"button\" data-bs-toggle=\"collapse\"\r\n\t\t\t\t\tdata-bs-target=\"#collapse8373879-st-2\" aria-expanded=\"true\"\r\n\t\t\t\t\taria-controls=\"collapse8373879-st-2\">\r\n\r\n\t\t\t\t\tDMD hastal\u0131\u011f\u0131n\u0131n tedavisi var m\u0131?\r\n\t\t\t\t<\/button>\r\n\t\t\t<\/h5>\r\n\t\t\t<div id=\"collapse8373879-st-2\" class=\"accordion-collapse collapse show\"\r\n\t\t\t\taria-labelledby=\"heading8373879-st-2\" data-bs-parent=\"#accordionExample-st-2subtitlefaq-889504543\">\r\n\t\t\t\t<div class=\"accordion-body\">\r\n\r\n\t\t\t\t\tDuchenne M\u00fcsk\u00fcler Distrofi\u2019nin (DMD) kesin bir tedavisi hen\u00fcz bulunmamaktad\u0131r. Ancak son y\u0131llarda geli\u015ftirilen gen tedavileri ve ELEVIDYS gibi ila\u00e7larla hastal\u0131\u011f\u0131n ilerleyi\u015fi yava\u015flat\u0131labilmekte, ya\u015fam kalitesi art\u0131r\u0131labilmektedir. Cafer, bu yeni nesil tedaviye uygunlu\u011fu onaylanm\u0131\u015f bir hastad\u0131r.\r\n\t\t\t\t<\/div>\r\n\t\t\t<\/div>\r\n\t\t<\/div>\r\n\t\t\t\t<div class=\"accordion-item mb-3\">\r\n\t\t\t<h5 class=\"accordion-header\" id=\"headingcafd2ea-st-2\">\r\n\t\t\t\t<button class=\"accordion-button collapsed\" type=\"button\" data-bs-toggle=\"collapse\"\r\n\t\t\t\t\tdata-bs-target=\"#collapsecafd2ea-st-2\" aria-expanded=\"true\"\r\n\t\t\t\t\taria-controls=\"collapsecafd2ea-st-2\">\r\n\r\n\t\t\t\t\tCafer\u2019in tedavisi nerede yap\u0131lacak?\r\n\t\t\t\t<\/button>\r\n\t\t\t<\/h5>\r\n\t\t\t<div id=\"collapsecafd2ea-st-2\" class=\"accordion-collapse collapse \"\r\n\t\t\t\taria-labelledby=\"headingcafd2ea-st-2\" data-bs-parent=\"#accordionExample-st-2subtitlefaq-889504543\">\r\n\t\t\t\t<div class=\"accordion-body\">\r\n\r\n\t\t\t\t\tCafer\u2019in tedavisi, Dubai\u2019deki \u00f6zel bir sa\u011fl\u0131k merkezinde ger\u00e7ekle\u015ftirilecektir. Bu merkez, ELEVIDYS gibi geli\u015fmi\u015f tedavileri uygulayan ve bu alanda uluslararas\u0131 onaya sahip bir sa\u011fl\u0131k kurulu\u015fudur.\r\n\t\t\t\t<\/div>\r\n\t\t\t<\/div>\r\n\t\t<\/div>\r\n\t\t\t\t<div class=\"accordion-item mb-3\">\r\n\t\t\t<h5 class=\"accordion-header\" id=\"heading889af7f-st-2\">\r\n\t\t\t\t<button class=\"accordion-button collapsed\" type=\"button\" data-bs-toggle=\"collapse\"\r\n\t\t\t\t\tdata-bs-target=\"#collapse889af7f-st-2\" aria-expanded=\"true\"\r\n\t\t\t\t\taria-controls=\"collapse889af7f-st-2\">\r\n\r\n\t\t\t\t\tDMD nas\u0131l te\u015fhis edilir?\r\n\t\t\t\t<\/button>\r\n\t\t\t<\/h5>\r\n\t\t\t<div id=\"collapse889af7f-st-2\" class=\"accordion-collapse collapse \"\r\n\t\t\t\taria-labelledby=\"heading889af7f-st-2\" data-bs-parent=\"#accordionExample-st-2subtitlefaq-889504543\">\r\n\t\t\t\t<div class=\"accordion-body\">\r\n\r\n\t\t\t\t\tDMD tan\u0131s\u0131, genetik testler, kan tahlilleri (CK seviyesi) ve kas biyopsisi gibi y\u00f6ntemlerle konur. Erken te\u015fhis, tedavi plan\u0131 a\u00e7\u0131s\u0131ndan hayati \u00f6neme sahiptir.\r\n\t\t\t\t<\/div>\r\n\t\t\t<\/div>\r\n\t\t<\/div>\r\n\t\t\t\t<div class=\"accordion-item mb-3\">\r\n\t\t\t<h5 class=\"accordion-header\" id=\"heading333e228-st-2\">\r\n\t\t\t\t<button class=\"accordion-button collapsed\" type=\"button\" data-bs-toggle=\"collapse\"\r\n\t\t\t\t\tdata-bs-target=\"#collapse333e228-st-2\" aria-expanded=\"true\"\r\n\t\t\t\t\taria-controls=\"collapse333e228-st-2\">\r\n\r\n\t\t\t\t\tDMD'nin \u0130lk belirtileri nelerdir?\r\n\t\t\t\t<\/button>\r\n\t\t\t<\/h5>\r\n\t\t\t<div id=\"collapse333e228-st-2\" class=\"accordion-collapse collapse \"\r\n\t\t\t\taria-labelledby=\"heading333e228-st-2\" data-bs-parent=\"#accordionExample-st-2subtitlefaq-889504543\">\r\n\t\t\t\t<div class=\"accordion-body\">\r\n\r\n\t\t\t\t\t\u00c7ocuklarda ge\u00e7 y\u00fcr\u00fcme, s\u0131k d\u00fc\u015fme, merdiven \u00e7\u0131karken zorlanma, kaslarda g\u00fc\u00e7s\u00fczl\u00fck ve ko\u015fmada yava\u015fl\u0131k gibi belirtilerle kendini g\u00f6sterir.\r\n\t\t\t\t<\/div>\r\n\t\t\t<\/div>\r\n\t\t<\/div>\r\n\t\t\t\t<div class=\"accordion-item mb-3\">\r\n\t\t\t<h5 class=\"accordion-header\" id=\"headingcc9e9ce-st-2\">\r\n\t\t\t\t<button class=\"accordion-button collapsed\" type=\"button\" data-bs-toggle=\"collapse\"\r\n\t\t\t\t\tdata-bs-target=\"#collapsecc9e9ce-st-2\" aria-expanded=\"true\"\r\n\t\t\t\t\taria-controls=\"collapsecc9e9ce-st-2\">\r\n\r\n\t\t\t\t\tDMD nas\u0131l \u0130lerler?\r\n\t\t\t\t<\/button>\r\n\t\t\t<\/h5>\r\n\t\t\t<div id=\"collapsecc9e9ce-st-2\" class=\"accordion-collapse collapse \"\r\n\t\t\t\taria-labelledby=\"headingcc9e9ce-st-2\" data-bs-parent=\"#accordionExample-st-2subtitlefaq-889504543\">\r\n\t\t\t\t<div class=\"accordion-body\">\r\n\r\n\t\t\t\t\tHastal\u0131k ilerledik\u00e7e \u00e7ocuklar 8-12 ya\u015f aras\u0131 tekerlekli sandalyeye ihtiya\u00e7 duyar. Genellikle 20\u2019li ya\u015flara gelindi\u011finde kalp ve solunum kaslar\u0131n\u0131n etkilenmesi nedeniyle ciddi sa\u011fl\u0131k sorunlar\u0131 ya\u015fan\u0131r.\r\n\t\t\t\t<\/div>\r\n\t\t\t<\/div>\r\n\t\t<\/div>\r\n\t\t\t\t<div class=\"accordion-item mb-3\">\r\n\t\t\t<h5 class=\"accordion-header\" id=\"headingff8159c-st-2\">\r\n\t\t\t\t<button class=\"accordion-button collapsed\" type=\"button\" data-bs-toggle=\"collapse\"\r\n\t\t\t\t\tdata-bs-target=\"#collapseff8159c-st-2\" aria-expanded=\"true\"\r\n\t\t\t\t\taria-controls=\"collapseff8159c-st-2\">\r\n\r\n\t\t\t\t\tBa\u011f\u0131\u015flar g\u00fcvenli mi?\r\n\t\t\t\t<\/button>\r\n\t\t\t<\/h5>\r\n\t\t\t<div id=\"collapseff8159c-st-2\" class=\"accordion-collapse collapse \"\r\n\t\t\t\taria-labelledby=\"headingff8159c-st-2\" data-bs-parent=\"#accordionExample-st-2subtitlefaq-889504543\">\r\n\t\t\t\t<div class=\"accordion-body\">\r\n\r\n\t\t\t\t\tEvet. T\u00fcm ba\u011f\u0131\u015flar, valilik onayl\u0131 ve denetimli banka hesaplar\u0131na yap\u0131lmaktad\u0131r. Aile dahil kimse bu hesaplardan para \u00e7ekemez, sadece tedavi s\u00fcreci i\u00e7in kullan\u0131labilir. G\u00fcvenli\u011finiz \u00f6n plandad\u0131r.\n\n\r\n\t\t\t\t<\/div>\r\n\t\t\t<\/div>\r\n\t\t<\/div>\r\n\t\t\t\t<\/div>\r\n\t<\/div>\r\n  <\/div>\r\n<\/div>\r\n\r\n\t\r\n\r\n             \r\n\t\t\t\t\t\t<\/div>\n\t\t\t\t<\/div>\n\t\t\t\t\t<\/div>\n\t\t\t\t<\/div>\n\t\t\t\t<\/div>\n\t\t","protected":false},"excerpt":{"rendered":"<p>Duchenne M\u00fcsk\u00fcler Distrofi DMD Kas Hastal\u0131\u011f\u0131 Nedir? Duchenne M\u00fcsk\u00fcler Distrofi (DMD), \u00e7ocuklukta ba\u015flayan ve ilerleyici kas zay\u0131fl\u0131\u011f\u0131na yol a\u00e7an genetik bir kas hastal\u0131\u011f\u0131d\u0131r. Bu hastal\u0131k, kaslar\u0131n sa\u011fl\u0131kl\u0131 \u00e7al\u0131\u015fmas\u0131n\u0131 sa\u011flayan distrofin adl\u0131 bir proteinin v\u00fccutta yeterli d\u00fczeyde \u00fcretilememesi nedeniyle olu\u015fur. \u00a0 DMD genellikle erkek \u00e7ocuklarda g\u00f6r\u00fcl\u00fcr ve semptomlar genellikle 2 ila 6 ya\u015f aras\u0131nda ba\u015flar. Kaslardaki<\/p>\n","protected":false},"author":1,"featured_media":0,"parent":0,"menu_order":0,"comment_status":"closed","ping_status":"closed","template":"elementor_header_footer","meta":{"inline_featured_image":false,"footnotes":""},"class_list":["post-1425","page","type-page","status-publish","hentry"],"aioseo_notices":[],"_links":{"self":[{"href":"https:\/\/www.cafereumutol.com\/index.php?rest_route=\/wp\/v2\/pages\/1425","targetHints":{"allow":["GET"]}}],"collection":[{"href":"https:\/\/www.cafereumutol.com\/index.php?rest_route=\/wp\/v2\/pages"}],"about":[{"href":"https:\/\/www.cafereumutol.com\/index.php?rest_route=\/wp\/v2\/types\/page"}],"author":[{"embeddable":true,"href":"https:\/\/www.cafereumutol.com\/index.php?rest_route=\/wp\/v2\/users\/1"}],"replies":[{"embeddable":true,"href":"https:\/\/www.cafereumutol.com\/index.php?rest_route=%2Fwp%2Fv2%2Fcomments&post=1425"}],"version-history":[{"count":10,"href":"https:\/\/www.cafereumutol.com\/index.php?rest_route=\/wp\/v2\/pages\/1425\/revisions"}],"predecessor-version":[{"id":3013,"href":"https:\/\/www.cafereumutol.com\/index.php?rest_route=\/wp\/v2\/pages\/1425\/revisions\/3013"}],"wp:attachment":[{"href":"https:\/\/www.cafereumutol.com\/index.php?rest_route=%2Fwp%2Fv2%2Fmedia&parent=1425"}],"curies":[{"name":"wp","href":"https:\/\/api.w.org\/{rel}","templated":true}]}}